 15879.
79
What is the highest common factor of 2753222 and 4768?
298
Calculate the greatest common factor of 81552 and 4416.
48
What is the highest common factor of 14730550 and 1950?
50
Calculate the highest common factor of 8789200 and 15652.
1204
What is the greatest common factor of 3224 and 7951996?
1612
What is the highest common divisor of 359960252 and 1532?
1532
What is the greatest common divisor of 18091271 and 40733?
5819
Calculate the highest common divisor of 1744 and 14697451.
109
What is the highest common divisor of 6606760 and 483260?
6620
Calculate the highest common divisor of 6592 and 17098.
206
What is the highest common factor of 1632 and 50921392?
272
What is the greatest common divisor of 23220 and 429183?
387
Calculate the highest common factor of 4642879 and 5443.
5443
Calculate the greatest common divisor of 15974839 and 112081.
6593
What is the greatest common factor of 2996 and 91360024?
2996
Calculate the highest common factor of 1162 and 1492078.
14
Calculate the greatest common divisor of 308290402 and 2786.
2786
What is the greatest common divisor of 1631823 and 6477?
381
What is the greatest common divisor of 30973734 and 3421?
3421
Calculate the highest common divisor of 213110 and 13504.
422
Calculate the highest common factor of 224 and 18080768.
32
Calculate the greatest common factor of 59229798 and 6.
6
Calculate the highest common factor of 60191 and 15341.
23
What is the greatest common factor of 85 and 17253895?
85
Calculate the highest common factor of 86581690 and 91.
13
What is the greatest common divisor of 2008797 and 12?
3
What is the highest common factor of 1665653 and 649?
11
Calculate the greatest common divisor of 18149720 and 6176.
1544
What is the greatest common divisor of 1494 and 1176442?
166
What is the greatest common factor of 2443540 and 495?
55
Calculate the greatest common divisor of 1071148 and 156.
52
What is the greatest common factor of 123420 and 2723831?
121
What is the highest common divisor of 2362536405 and 2110?
1055
Calculate the greatest common divisor of 13268 and 102176.
124
What is the highest common factor of 1742857 and 643229?
2669
What is the highest common factor of 292 and 1333418?
146
What is the highest common factor of 4 and 15393748?
4
Calculate the greatest common factor of 40451 and 5058504.
2129
What is the highest common factor of 1856 and 38060?
4
Calculate the highest common divisor of 5381879 and 248.
31
Calculate the highest common factor of 162690 and 319638.
1914
What is the highest common factor of 26810 and 271390?
70
Calculate the greatest common divisor of 14947552 and 368.
16
What is the highest common divisor of 3210 and 9359970?
30
Calculate the highest common divisor of 156 and 49032876.
12
Calculate the greatest common factor of 80 and 1641040.
80
What is the greatest common factor of 2184 and 8894912?
104
Calculate the greatest common factor of 6 and 29332.
2
What is the greatest common divisor of 28 and 1606105270?
14
Calculate the greatest common factor of 1743805 and 3325.
35
Calculate the highest common factor of 133662175 and 25.
25
Calculate the highest common factor of 296400 and 23088.
624
Calculate the greatest common factor of 5979 and 8081615.
1993
What is the highest common divisor of 172018 and 3374217?
77
What is the greatest common factor of 2476412 and 1644?
548
What is the greatest common factor of 299069660 and 20?
20
What is the greatest common divisor of 23849 and 29399003?
3407
Calculate the highest common factor of 22337 and 637.
7
Calculate the greatest common divisor of 1610 and 5764283.
161
What is the greatest common factor of 26169849 and 18?
9
What is the highest common divisor of 2885 and 179502392?
577
What is the highest common factor of 3352 and 107200312?
3352
What is the greatest common factor of 12 and 41360622?
6
Calculate the greatest common divisor of 2754 and 44079606.
918
What is the greatest common factor of 19871 and 340783?
31
What is the greatest common divisor of 38432253 and 47169?
5241
Calculate the greatest common divisor of 1195 and 1088426315.
1195
What is the greatest common divisor of 15526581 and 79?
79
What is the highest common divisor of 887068 and 128?
4
Calculate the highest common divisor of 1572916 and 87538.
346
What is the greatest common factor of 261244 and 270643?
241
Calculate the highest common factor of 26302388 and 302.
302
What is the greatest common divisor of 2716 and 46533616?
388
Calculate the highest common factor of 5 and 1905985.
5
What is the highest common factor of 17345273 and 55?
11
Calculate the greatest common factor of 5073607 and 21.
7
What is the greatest common factor of 3148 and 8860?
4
Calculate the highest common factor of 243082105 and 1330.
665
What is the greatest common factor of 6144 and 1466112?
768
Calculate the highest common divisor of 154 and 2631916.
14
What is the highest common factor of 276 and 5700576?
12
What is the greatest common factor of 1856717 and 16584?
691
What is the highest common divisor of 3146 and 769171?
13
Calculate the highest common divisor of 47904 and 9948.
12
What is the greatest common factor of 803 and 5171612?
73
What is the greatest common factor of 132 and 3925174?
22
Calculate the greatest common divisor of 8798 and 3010908.
166
What is the greatest common divisor of 2216548544 and 448?
448
What is the highest common divisor of 84635136 and 64?
64
Calculate the highest common factor of 522067055 and 10.
5
What is the greatest common divisor of 3429756 and 28?
4
What is the highest common factor of 619 and 21025573?
619
Calculate the greatest common divisor of 15616560 and 72.
24
What is the greatest common divisor of 128 and 10707584?
128
What is the greatest common divisor of 2046132 and 8668?
44
What is the greatest common divisor of 2775 and 2640?
15
Calculate the greatest common factor of 1184 and 1552594.
74
Calculate the greatest common factor of 62338 and 35998.
878
What is the highest common factor of 2156 and 3793174?
154
Calculate the highest common factor of 4741296 and 387984.
6576
Calculate the highest common divisor of 13994618 and 90508.
242
What is the highest common divisor of 2365 and 25352800?
2365
Calculate the highest common factor of 622127750 and 4250.
4250
Calculate the greatest common divisor of 4752 and 142768.
16
Calculate the highest common divisor of 160746 and 15582453.
1101
Calculate the highest common factor of 1349 and 1878749602.
1349
What is the greatest common factor of 4080402 and 1189?
41
Calculate the highest common factor of 2991 and 10518.
3
Calculate the greatest common divisor of 104164 and 108.
4
What is the greatest common divisor of 445256981 and 1131?
377
What is the greatest common factor of 916 and 40744?
4
Calculate the greatest common factor of 17755 and 50456795.
265
What is the highest common factor of 148945741 and 4399?
4399
Calculate the highest common divisor of 1086 and 7385343.
543
What is the greatest common factor of 40687 and 2089044?
667
Calculate the highest common factor of 1328 and 52832.
16
Calculate the highest common factor of 24572 and 1068.
4
Calculate the highest common factor of 60113110 and 20.
10
What is the highest common factor of 17089989 and 1?
1
Calculate the highest common divisor of 44 and 179858558.
22
What is the greatest common divisor of 103 and 444415336?
103
Calculate the highest common factor of 90536064 and 912.
912
Calculate the greatest common factor of 28 and 1737651776.
28
Calculate the greatest common factor of 200 and 24174325.
25
Calculate the greatest common divisor of 3772673 and 11971238.
13331
What is the highest common divisor of 6 and 152934255?
3
Calculate the greatest common factor of 2323669887 and 8239.
8239
Calculate the greatest common factor of 2256 and 204912339.
141
What is the greatest common factor of 447 and 98868?
3
Calculate the highest common divisor of 418719 and 2133159.
3297
What is the highest common divisor of 67752 and 1224?
72
What is the highest common divisor of 26256 and 213877?
547
Calculate the highest common divisor of 3080 and 49035.
35
Calculate the highest common divisor of 209 and 22810032.
19
Calculate the greatest common divisor of 168 and 242966520.
24
Calculate 